ue of (16 + -19 + 3 - -39) + 6 + -3 + 6?
48
(-15 - -7) + -7 + (-166 - -165)
-16
Calculate (-4 - -29 - (-1 - -1)) + -10 + -6.
9
Calculate -16 + -11 + (7 - (16 - 0)).
-36
What is 20 - ((8 - -7) + -33 + 25)?
13
-1262 + 1242 - (-2 + -10)
-8
What is the value of (42 - (4 + 3)) + 81 + -69?
47
Evaluate -10 + 9 + (25 - -13) - (0 - -4).
33
Calculate (9 - (-8 - -8)) + 35 + -9.
35
What is the value of (-7 - 6) + (1 + 2 - -5) + (-2 - 93)?
-100
Calculate 3 + 4 + (-7 - 7) - -4 - -12 - 42.
-33
What is -17 - (41 - (-22 - (-5 - 30)))?
-45
Evaluate (2 + (-42 - -2) - (4 + 14 + -16)) + 8.
-32
What is the value of (-11 - -24 - (1 + 45) - -8) + -6?
-31
-71 - (-1 + 12 + -30) - 8
-60
What is -6 + 27 + -18 + (14 - -14 - (-2 + -1))?
34
Evaluate -111 - (-131 + 45 - 1).
-24
(34 - (54 + -5)) + 35
20
Evaluate -5 + -1 + 1 - (-2 + (-6 - (7 - 4))).
6
What is -210 + 208 + -3 + -13 + 3 + -80?
-95
Calculate (2 + -3 - 1 - -2) + (31595 - 31625).
-30
Evaluate (3 - -113) + (16 - (7 - 0) - 5 - -5).
125
Calculate -195 + -7 + 256 + -130.
-76
What is the value of 74 + -79 + 19 + -22?
-8
37 + -20 + -14 + -20 + 0
-17
What is (13 - 4) + ((2 - 4) + -67 - -16)?
-44
Calculate (-24 - (58 + -131)) + -78.
-29
1 - (-9 + -1) - ((202 - (69 + 1)) + -54)
-67
-29 + 84 - (-2 - -22)
35
What is the value of 82 + 1 + 0 + (117 - 66 - (3 + 45))?
86
Calculate (2 - 9) + 41 + -30 + (108 - 65).
47
8 - (28 + -76) - (-6 + 4)
58
Evaluate 1 + -3 + 1 - (423 + -313 + -100).
-11
Evaluate -28 - -2 - (38 - (31 + 3)).
-30
What is the value of 16 - ((150 - 42) + (7 - 8))?
-91
Calculate (-100 - ((1 - -44) + -47)) + 28.
-70
Calculate -9 + -22 + -7 + 23 - 5.
-20
74 - (28 - -164) - -223
105
Evaluate -6 - 1 - (-3 + 12 + -18) - 28.
-26
-47 + 119 - (4 + (-4 - -19) + (-1 - 3))
57
Evaluate -12 - (1 + (-5 - (-30 + 24)) - (2 - -30)).
18
What is the value of (20 - (-4 - 6)) + -17 + 0?
13
-68 + 36 - (-32 + 27)
-27
What is the value of 0 - 1 - 0 - -9 - (1 + 69 + -81)?
19
(1 - 1 - (-147 + 145)) + 0 + -9
-7
What is the value of (6 - (0 - -5) - 11) + -49 + 13?
-46
Calculate (-81 - -95) + 25 - 2.
37
Calculate -17 + (4 - -10) - -1 - -1.
-1
What is 72 + (-28 - 43) + -41?
-40
What is the value of 22 + 5 + (23 - -14) + (3 - -7)?
74
What is the value of (3087 - 3089) + 1 + 0 + 1 + 23?
23
What is 13 + (-43 - -10) + 1 + (-1 - -8) + -23?
-35
What is the value of -1 + 63 - (10 + 1 - (-499 + 509))?
61
What is the value of 110 - ((17 - 30 - 11) + 28)?
106
Evaluate (-98 - 61) + 179 - (0 + 0 + 56).
-36
-14 + (-26 + 2 - (1 + -10))
-29
What is 14 + 0 - ((8 - (-41 + 73)) + 34)?
4
0 + -2 + 1 + 2 + 12 + 12 + 0
25
Evaluate 7 + 7 + -2 - (10 + 0 + 1).
1
(-41 - -38) + 4 + -6 + 12 + -75
-68
Calculate -9 + (-4 - -104) + (52 - 59 - 9).
75
What is (-16 - -12) + (46 + -64 - (-2 - -3))?
-23
(87 - 67) + -20 + 10 + -145
-135
Evaluate (304 - 307 - -62) + (-11 - -1).
49
What is 3 + 5 + (-102 + 106 - (68 - (-5 - -6)))?
-55
(-21 + 36 + 4 - 66) + 1 + 11
-35
21 - ((4 - 3) + 105 + -118)
33
Calculate 8 + -25 - (8 - -15 - (-36 + 51)).
-25
(-114 - -101) + (-1 - 34) + -42 + 47
-43
Calculate -2 + (15 - 5) + 19 + (-3 - (-6 - 1)).
31
Calculate 139 - (94 - (-24 - -42)).
63
What is the value of -8 - (60 + -55 - (4 + -20))?
-29
What is the value of 25 + -22 + (-5 - -21) + -29?
-10
What is -13 - (69 - -9) - -46?
-45
Calculate (-1 - 1) + -12 - ((38 - 47) + -64).
59
-5 + -1 - (261 + -372 - -106)
-1
What is the value of 2 - -1 - 0 - (-2 + 0 + 8 + 10)?
-13
0 + (34 - 2) - (-44 + 16)
60
Calculate -8 + (-22 + 11 - -62 - (-3 + -5)).
51
Evaluate 57 + 1 + (2508 - 2540) + -148.
-122
3780 + -3803 + ((3 - 23) + 5 - 3)
-41
121 - (66 - 89 - (21 - 63))
102
Calculate (-9 - 0) + -271 + 268 + -11.
-23
Calculate -44 + 33 + (1 - -60 - (1 - 8) - 6).
51
What is 54 - (58 + 0) - 32?
-36
What is -39 - (-18 + 17 + -59)?
21
What is the value of -8 + (-14 - (3 + (-40 - -21))) - (1 + 48)?
-55
Evaluate 14 + -16 + 40 + -17.
21
Calculate -6 - -40 - (-4 + 20).
18
-61 + 86 - 68 - 27
-70
Evaluate -42 + ((-41 - -40) + (8 - (-1 - 0)) - -1).
-33
Evaluate 6 + 13 - (40 - 14) - (-2 - 4).
-1
(8 - (4 + (8 - 26)) - 22) + (1 - -13)
14
What is (-16 + (5 - (-1 + -7)) - (0 + -3)) + -5?
-5
(-1 - 6 - 7) + 18
4
What is -4 - (-13 + -3) - (3 + -31)?
40
Calculate -209 - (77 - 93 - 82).
-111
Evaluate 129 + (60 - 69) + -91.
29
What is 1 + 1 + 1 + (32 + -97 - -23) - 2?
-41
Calculate -26 + 6 + 3 + -8 + 1.
-24
Evaluate -54 + (-1 - -3) + -1 + (-112 - -64) + 43.
-58
Calculate (19 - -4) + -30 - (80 - (2 + 7)).
-78
22 + (-29 - -28) - (3 + -23)
41
Evaluate 3756 + -3759 + (0 - -49 - 3).
43
Calculate (-18 + -7 - (20 + -51)) + (3 - -95).
104
Calculate -7 + (57 - 0 - (-52 - -105 - (-3 + 45))).
39
(1 + -28 - (0 + -30)) + (76 - 0)
79
What is the value of 807 - 890 - (-1 + -62)?
-20
30 + (-16 - -25) + 1 - 8
32
What is the value of 5 + 38 + -12 + -39 + 5?
-3
What is -48 + (81 - -5) - 44?
-6
What is the value of -13 - ((55 - 91) + (-1 - 1 - -13)) - 107?
-95
What is 35 + -87 + 45 - -47?
40
14 - (8 + 10 - (-28 + (2 - -12)))
-18
(0 - -69) + -19 + 16 + (30 - (25 - 4))
75
(2 + -35 - (-522 + 504)) + (1 - -6)
-8
Calculate -21 + (-4 - (-3 - -22 - 24)).
-20
Calculate (2 - -30) + -9 + 5 + -14 + 22.
36
What is -22 + -7 - (-101 + 120)?
-48
What is the value of 69 + -1 - (-27 + 7 - (11 + -41))?
58
What is (57 - 5) + (46 - 143)?
-45
(15 - -58 - 11) + -8 + 13 + -6
61
16 - 1 - (-101 - (50 + -46 + -17))
103
22 - (50 - (-13 + 30)) - 18
-29
Calculate 66 + (-53 - -14) + 8.
35
Calculate (-1 - -21) + -59 - (2 + -8 - 6).
-27
What is the value of 6 + (-1 - 0) + (6 - 27 - 1 - -82)?
65
(-8338 - -8256) + (-21 - (-1 + 2 + -1))
-103
49 + (46 - 86) + (1 + 0 - 12) + 0
-2
What is the value of (10 - (3 + -4)) + -1 + (-274 - -227)?
-37
Evaluate -71 - (-114 + 110 + -42).
-25
Evaluate -11 + (-72 - -7) + (6 + 0 - 7 - -11).
-66
Calculate 1 + (2 - (-10 + 15)) - -16 - (-9 - 1).
24
Calculate (-3 - (1 - 1) - (54 - 107 - -50)) + 8.
8
What is the value of 1 + 0 + -107 + 115 + -1 - (2 + -27)?
33
What is the value of 87 + -24 - (52 - 17)?
28
Calculate -2688 + 2601 + (-18 - 0).
-105
What is the value of -128 - (194 + -104 + -195)?
-23
-37 + 2 + (1546 - 1545)
-34
What is the value of (-10 - -3) + 14 + (35 - 13 - 4 - 54)?
-29
What is 0 - 0 - 16 - (-361 + 301 + 48)?
-4
Evaluate -7 + (-1 + 4 - 7) + 231 + -198.
22
-79 - ((-2 + 3 - -4) + (327 - 320))
-91
What is -55 + -20 + (12 - -106)?
43
What is the value of 2 + 1 - 1 - (1962 + -2030 - (0 + -39))?
31
What is (-244 - -12) + 146 + 73?
-13
What is 3 + 7 + -149 + 8 - (-114 - -99)?
-116
Calculate (-1102 - -1106) + -1 + -3.
0
Calculate -8 - (7 - (-27 + 44)).
2
Evaluate (23 - (-2 - -2)) + -11 - -85.
97
What is 33 + (-36 - 28 - -17)?
-14
Calculate -10 + (-19 - -28) + 23 + -17.
5
-9 - (-13 + (-2 - (-4 + (-3 - -9))) - -9)
-1
Evaluate -984 + 1060 + (-1 + 4 - -14).
93
(5 - (23 + -76)) + -106
-48
Calculate -29 + (-10 + -1 - -22) + -6 + 1 + -9.
-32
What is the value of 17 + 303 + -287 + (-1 - -20)?
52
Evaluate 193 + -215 - (2 + -25) - (-20 - (0 + -2)).
19
What is the value of (-114 - -24) + (24 - -6) + (-15 - 3)?
-78
Calculate 54 - 105 - (-1 - 55).
5
-3 + (-1 - -79) + -61 + (55 - 5)
64
Calculate -3 + 35 + -3 - (45 - (7 + 42)).
33
What is -2 + -1 + (6 - -1) - (33 + 36 + -24)?
-41
What is 21 + (53 + -34 - (1 + 63))?
-24
Evaluate 29 - 35 - (79 - 29).
-56
What is (-70 - (-51 - -34)) + 38?
-15
37 - ((-51 - -46) + 3)
39
What is 27 + -33 + (74 - (13 - 1))?
56
What is (-8 + (-13 - -20) - -9) + (1 - 58) + 1?
-48
Evaluate (-21 - ((17 - -11) + -2)) + (3 - (3 + -2)).
-45
What is the value of -4 + (32 + -39 + 2 + -7 - (-10 + 8))?
-14
What is the value of 24 + (-13 + -33 - -64)?
42
Calculate 88 + (-4 - 4) + (236 - 256) + -2 + 14.
72
Evaluate 37 - (8 + (5 - ((-12 - -25) + 1))).
38
Calculate 0 - 47 - (-8 - (-77 - -57) - (18 - 1)).
-42
Evaluate 41 + (-89 - -15) + 114.
81
What is the value of 3 + (9 + -46 - -57)?
23
Evaluate -3 + 13 + -6 - (1 + 0).
3
What is -1 + 36 - (-3171 + 3254)?
-48
Calculate 125 + -25 + -121 + -2 + 15.
-8
What is the value of 18 - ((-15 - -25) + 51) - -19?
-24
What is 1109 - 1101 - (-49 + 2)?
55
What is 699 + -657 - (15 - (-5 - -5 - -2))?
29
-235 - -275 - (6 - -3) - 37
-6
What is the value of -118 + 21 + 50 - -71?
24
-2 - (1 + -3 - ((0 - -30) + (-50 - -63)))
43
Calculate -56 - (-5 + 24 + -6 - ((-3 - -12) + -6)).
-66
Evaluate (49 + (14 - -4) - 33) + 12.
46
What is